remainder when 2065692 is divided by 115.
62
Calculate the remainder when 6459850 is divided by 88.
34
Calculate the remainder when 93945 is divided by 4078.
151
What is the remainder when 7545915 is divided by 14?
13
Calculate the remainder when 1722208 is divided by 101160.
2488
What is the remainder when 10891136 is divided by 108?
92
What is the remainder when 2354910 is divided by 1270?
330
What is the remainder when 223057 is divided by 6368?
177
What is the remainder when 61729 is divided by 11112?
6169
Calculate the remainder when 6864469 is divided by 32.
21
Calculate the remainder when 429690 is divided by 20448.
282
Calculate the remainder when 251836 is divided by 1239.
319
What is the remainder when 10779791 is divided by 2155943?
76
What is the remainder when 834577 is divided by 742?
569
Calculate the remainder when 29643964 is divided by 116708.
132
Calculate the remainder when 25722 is divided by 1439.
1259
What is the remainder when 3321598 is divided by 686?
672
Calculate the remainder when 24759446 is divided by 111.
8
What is the remainder when 245764663 is divided by 85?
83
What is the remainder when 466441 is divided by 66633?
10
Calculate the remainder when 12412 is divided by 1074.
598
What is the remainder when 22537637 is divided by 43?
4
Calculate the remainder when 10335077 is divided by 41.
2
Calculate the remainder when 2113850508 is divided by 10.
8
What is the remainder when 78993 is divided by 19668?
321
Calculate the remainder when 267081 is divided by 33376.
73
Calculate the remainder when 8784393 is divided by 2001.
3
What is the remainder when 25655137 is divided by 895?
857
What is the remainder when 1350045 is divided by 42?
39
Calculate the remainder when 170154 is divided by 56635.
249
Calculate the remainder when 49334 is divided by 1096.
14
What is the remainder when 1072068 is divided by 2019?
1998
What is the remainder when 69599 is divided by 13909?
54
What is the remainder when 64496 is divided by 688?
512
Calculate the remainder when 1360472 is divided by 339943.
700
Calculate the remainder when 1103212 is divided by 61278.
208
What is the remainder when 131198335 is divided by 32?
31
Calculate the remainder when 602327 is divided by 61.
13
What is the remainder when 661029 is divided by 775?
729
What is the remainder when 2528119 is divided by 497?
377
Calculate the remainder when 845286 is divided by 975.
936
Calculate the remainder when 1018780 is divided by 832.
412
What is the remainder when 24676269 is divided by 144?
141
Calculate the remainder when 2850210 is divided by 146.
144
What is the remainder when 471469 is divided by 1145?
874
Calculate the remainder when 31231 is divided by 4984.
1327
What is the remainder when 25860364 is divided by 69?
61
What is the remainder when 17015179 is divided by 72?
67
What is the remainder when 28842951 is divided by 34296?
15
Calculate the remainder when 4879135 is divided by 24642.
19
Calculate the remainder when 77732295 is divided by 4382.
4379
What is the remainder when 2514354 is divided by 798?
654
What is the remainder when 123636 is divided by 453?
420
Calculate the remainder when 41421787 is divided by 70.
57
What is the remainder when 477509 is divided by 119330?
189
What is the remainder when 981189 is divided by 33832?
61
What is the remainder when 46328 is divided by 15378?
194
Calculate the remainder when 498262 is divided by 775.
712
What is the remainder when 14715953 is divided by 3043?
5
What is the remainder when 38061 is divided by 276?
249
Calculate the remainder when 22625191 is divided by 151.
106
What is the remainder when 6744292 is divided by 481735?
2
What is the remainder when 626675 is divided by 116?
43
What is the remainder when 49986 is divided by 3137?
2931
Calculate the remainder when 91275580 is divided by 688.
684
Calculate the remainder when 3464280 is divided by 75310.
20
What is the remainder when 2110501 is divided by 3227?
43
What is the remainder when 234904343 is divided by 13?
11
What is the remainder when 549110 is divided by 220?
210
Calculate the remainder when 1118166 is divided by 5430.
5016
What is the remainder when 326308 is divided by 3981?
3847
What is the remainder when 185481 is divided by 282?
207
Calculate the remainder when 312952518 is divided by 1669.
1666
Calculate the remainder when 4538450 is divided by 2106.
20
What is the remainder when 37367 is divided by 10?
7
Calculate the remainder when 17593 is divided by 273.
121
Calculate the remainder when 386123 is divided by 96515.
63
What is the remainder when 1065014 is divided by 908?
838
What is the remainder when 356613 is divided by 7277?
40
Calculate the remainder when 39751 is divided by 13121.
388
Calculate the remainder when 1738016 is divided by 16243.
15
What is the remainder when 1922312 is divided by 96?
8
Calculate the remainder when 32094494 is divided by 312.
302
What is the remainder when 2307596 is divided by 8212?
24
What is the remainder when 20051 is divided by 18596?
1455
What is the remainder when 1513784 is divided by 84?
20
Calculate the remainder when 66392088 is divided by 66392074.
14
What is the remainder when 13880788 is divided by 421?
418
What is the remainder when 2404524 is divided by 108?
12
What is the remainder when 22720766 is divided by 4235?
4226
What is the remainder when 111223 is divided by 110725?
498
Calculate the remainder when 276066 is divided by 94.
82
Calculate the remainder when 1178060 is divided by 392567.
359
What is the remainder when 8666509 is divided by 139?
137
Calculate the remainder when 2959508 is divided by 84556.
48
What is the remainder when 189026543 is divided by 56?
55
Calculate the remainder when 14167269 is divided by 1002.
993
Calculate the remainder when 28557 is divided by 28293.
264
Calculate the remainder when 1781823 is divided by 1740.
63
What is the remainder when 5090648 is divided by 190?
168
What is the remainder when 10162599 is divided by 1359?
1356
What is the remainder when 351337 is divided by 175635?
67
What is the remainder when 92606 is divided by 639?
590
What is the remainder when 30877871 is divided by 47?
46
What is the remainder when 5658129 is divided by 826?
29
What is the remainder when 402917246 is divided by 64?
62
What is the remainder when 30049 is divided by 136?
129
Calculate the remainder when 21617379 is divided by 764.
763
What is the remainder when 22480 is divided by 449?
30
What is the remainder when 10402705 is divided by 128427?
118
Calculate the remainder when 2223481 is divided by 84.
1
Calculate the remainder when 103301 is divided by 754.
3
Calculate the remainder when 966713 is divided by 18300.
15113
Calculate the remainder when 12704 is divided by 4317.
4070
What is the remainder when 577721 is divided by 3519?
605
Calculate the remainder when 61996 is divided by 61614.
382
What is the remainder when 52834 is divided by 17?
15
Calculate the remainder when 198867 is divided by 451.
427
What is the remainder when 137689 is divided by 68193?
1303
Calculate the remainder when 67012 is divided by 16742.
44
Calculate the remainder when 589580 is divided by 211.
46
Calculate the remainder when 264121 is divided by 1571.
193
Calculate the remainder when 6195358 is divided by 217.
8
Calculate the remainder when 1276372 is divided by 407.
20
Calculate the remainder when 43110050 is divided by 58.
42
Calculate the remainder when 1382812 is divided by 691255.
302
What is the remainder when 5283272 is divided by 46?
34
Calculate the remainder when 55363 is divided by 55283.
80
Calculate the remainder when 47222976 is divided by 6360.
6336
What is the remainder when 1503693 is divided by 187957?
37
Calculate the remainder when 18508063 is divided by 6169228.
379
Calculate the remainder when 24105021 is divided by 96.
93
What is the remainder when 27086207 is divided by 259?
246
What is the remainder when 188264734 is divided by 2556?
2554
What is the remainder when 1876946 is divided by 1876760?
186
What is the remainder when 1841412 is divided by 920651?
110
What is the remainder when 574233966 is divided by 1232?
1230
What is the remainder when 17168890 is divided by 2146110?
10
What is the remainder when 19889010 is divided by 56